and 5788?
1447
What is the greatest common divisor of 326 and 210922?
326
What is the highest common divisor of 1963 and 118082?
151
What is the highest common factor of 1128 and 11946?
6
What is the highest common factor of 70 and 1143765?
35
Calculate the highest common factor of 2959 and 79355.
269
Calculate the greatest common factor of 291380 and 102.
34
Calculate the highest common divisor of 2096 and 81220.
524
Calculate the greatest common factor of 24737 and 116.
29
What is the greatest common factor of 847 and 1001?
77
Calculate the greatest common divisor of 3782 and 854.
122
What is the highest common divisor of 1760 and 430?
10
Calculate the greatest common factor of 103047 and 735.
147
Calculate the greatest common divisor of 23620 and 30.
10
What is the greatest common divisor of 10 and 53855?
5
What is the greatest common divisor of 1350212 and 492?
164
Calculate the highest common divisor of 8480 and 115964.
212
What is the greatest common factor of 486 and 1717038?
486
What is the highest common factor of 52 and 79482?
26
Calculate the greatest common factor of 24422 and 34.
2
What is the highest common divisor of 188 and 432306?
94
What is the greatest common factor of 4 and 1567434?
2
What is the greatest common factor of 1752 and 57378?
438
Calculate the highest common factor of 3160 and 1817.
79
Calculate the greatest common factor of 19494 and 354.
6
Calculate the greatest common divisor of 1080 and 64140.
60
What is the greatest common divisor of 327 and 174727?
109
Calculate the greatest common divisor of 807030 and 1220.
610
Calculate the highest common factor of 11191284 and 162.
162
What is the highest common factor of 2070 and 12006?
414
Calculate the highest common divisor of 11567 and 14257.
269
What is the highest common factor of 31666 and 2556?
142
Calculate the greatest common divisor of 39 and 13247.
13
What is the greatest common factor of 133 and 17913?
7
What is the greatest common factor of 80 and 9388?
4
Calculate the greatest common factor of 712 and 4696.
8
What is the highest common divisor of 9 and 51030?
9
Calculate the greatest common divisor of 3670212 and 42.
42
Calculate the highest common divisor of 8388 and 774.
18
Calculate the highest common factor of 840 and 835160.
40
Calculate the greatest common divisor of 3880 and 41710.
970
What is the greatest common divisor of 6232 and 257849?
779
Calculate the highest common factor of 466444 and 132.
44
Calculate the greatest common factor of 762179 and 363.
121
Calculate the highest common divisor of 918 and 9126.
54
What is the highest common factor of 1584 and 177584?
176
What is the greatest common factor of 22143 and 1936?
121
What is the greatest common divisor of 594 and 22573188?
594
What is the greatest common divisor of 15799 and 183?
61
Calculate the greatest common factor of 182 and 284858.
14
What is the highest common factor of 14 and 28084?
14
Calculate the highest common divisor of 831738 and 402.
402
Calculate the greatest common factor of 61 and 3847087.
61
Calculate the highest common factor of 85417 and 746.
373
Calculate the greatest common factor of 1242 and 1155474.
414
What is the greatest common factor of 24185 and 3850?
35
What is the greatest common divisor of 1405065 and 282?
141
What is the greatest common factor of 2869 and 3775?
151
What is the highest common factor of 2864775 and 50?
25
What is the greatest common divisor of 994 and 568?
142
What is the greatest common divisor of 1436 and 14?
2
Calculate the highest common factor of 84 and 7781088.
84
What is the highest common factor of 90 and 1278?
18
Calculate the highest common factor of 7239247 and 41.
41
Calculate the highest common divisor of 729 and 3339.
9
What is the greatest common factor of 4887 and 891?
27
What is the highest common divisor of 410 and 2439172?
82
Calculate the greatest common divisor of 385 and 21945.
385
Calculate the highest common factor of 33759 and 363.
363
Calculate the greatest common divisor of 217 and 111104.
217
What is the greatest common divisor of 135 and 35685?
45
Calculate the greatest common divisor of 49 and 153251.
7
What is the highest common divisor of 231695 and 145?
5
What is the greatest common divisor of 108 and 12555?
27
Calculate the greatest common divisor of 1965 and 10082415.
1965
What is the greatest common divisor of 204345 and 48995?
1195
Calculate the highest common factor of 2 and 4682.
2
What is the greatest common factor of 16 and 2194064?
16
What is the highest common factor of 30048 and 13344?
96
Calculate the greatest common divisor of 19049 and 129.
43
What is the greatest common factor of 520 and 39832?
104
Calculate the greatest common factor of 5439 and 11581.
37
Calculate the greatest common divisor of 67 and 163547.
67
What is the greatest common factor of 1395 and 545073?
93
Calculate the greatest common divisor of 438 and 1088722.
146
Calculate the greatest common divisor of 874224 and 143.
13
Calculate the highest common factor of 937651 and 91.
13
What is the greatest common divisor of 6 and 267378?
6
What is the highest common divisor of 84 and 49917?
21
Calculate the highest common factor of 36 and 458829.
9
What is the greatest common divisor of 20294 and 15622?
146
What is the greatest common factor of 54 and 3350862?
54
What is the highest common divisor of 168776 and 11242?
146
What is the greatest common factor of 1596 and 289142?
266
What is the highest common divisor of 55 and 2549173?
11
What is the highest common divisor of 369 and 314757?
369
What is the highest common factor of 4779786 and 66?
66
Calculate the greatest common divisor of 768 and 65748.
12
Calculate the greatest common divisor of 78637 and 2691.
299
Calculate the highest common factor of 165 and 14220.
15
Calculate the greatest common divisor of 26598 and 20748.
78
Calculate the greatest common divisor of 12648 and 186.
186
Calculate the greatest common divisor of 341239 and 103.
103
Calculate the highest common factor of 660 and 51810.
330
Calculate the greatest common factor of 1921 and 5389.
17
Calculate the greatest common divisor of 24335 and 341.
31
What is the greatest common factor of 366646 and 28?
14
Calculate the highest common divisor of 5044 and 1508.
52
Calculate the highest common factor of 29184 and 96.
96
What is the highest common divisor of 984018 and 294?
294
What is the highest common factor of 100 and 218725?
25
What is the greatest common divisor of 858 and 44330?
286
What is the greatest common factor of 10 and 1548?
2
Calculate the greatest common divisor of 4370 and 3211.
19
Calculate the highest common factor of 736 and 666632.
184
What is the greatest common factor of 45 and 1200?
15
What is the greatest common factor of 100 and 95350?
50
Calculate the highest common divisor of 158490 and 60.
30
Calculate the highest common divisor of 830 and 7802.
166
What is the greatest common factor of 435812 and 1326?
442
What is the highest common factor of 28288 and 1258?
34
Calculate the greatest common divisor of 1228094 and 42.
14
Calculate the highest common divisor of 4832 and 2224.
16
What is the greatest common divisor of 1085 and 13815?
5
What is the highest common factor of 5173 and 1517167?
739
Calculate the greatest common divisor of 3 and 24201.
3
Calculate the highest common factor of 102 and 134.
2
What is the highest common factor of 48227 and 29?
29
Calculate the highest common divisor of 1737 and 43232.
193
Calculate the highest common factor of 473 and 5731.
11
What is the highest common factor of 14 and 3234?
14
Calculate the highest common divisor of 132310 and 3535.
505
Calculate the highest common divisor of 11392 and 2403.
89
What is the greatest common divisor of 155 and 334955?
155
Calculate the greatest common factor of 240660 and 84.
84
Calculate the greatest common divisor of 3025 and 21725.
275
Calculate the greatest common factor of 269542 and 238.
14
What is the highest common factor of 43760 and 720?
80
Calculate the greatest common divisor of 227952 and 9.
9
Calculate the highest common divisor of 3277 and 1769.
29
What is the highest common factor of 1200 and 23550?
150
What is the greatest common factor of 7 and 2098901?
7
Calculate the highest common fac